{"id":3210,"date":"2022-04-27T22:38:21","date_gmt":"2022-04-27T22:38:21","guid":{"rendered":"http:\/\/floristeriatrevol.com\/botiga\/ramo-lilium\/"},"modified":"2022-04-27T22:38:21","modified_gmt":"2022-04-27T22:38:21","slug":"ram-lilium-2","status":"publish","type":"product","link":"https:\/\/floristeriatrevol.com\/es\/botiga\/ram-lilium-2\/","title":{"rendered":"Ramo Lilium"},"content":{"rendered":"<p>El ramo Lilium es una combinaci\u00f3n de flores de temporada. El lilium central lo podemos poner todo el a\u00f1o, pero habr\u00e1n otras flores que son mas estacionales, como el lirio holand\u00e9s de color magenta. En todo caso, siempre haremos una combinaci\u00f3n de tonalidades rosadas, p\u00farpura, malva&#8230; y con un toque de blanco que le aportar\u00e1 la luz necesaria a ramo. Un ramo de flores variadas puede durar muchos d\u00edas en casa, sobre todo si vamos cambiando el agua cada dos o tres d\u00edas. Con el cambio de agua, siempre es buena idea cortar los tallos de las flores en diagonal. As\u00ed nos aseguramos de que el tallo absorba correctamente el agua y los nutrientes que le ponemos. Nuestros ramos se entregan siempre con dos bolsitas de conservante para que las flores perduren mas tiempos.<\/p>\n","protected":false},"excerpt":{"rendered":"<p>Ramo primaveral con volumen, surtido de flor de temporada en tonos rosados y lila, blanco y verde. Dos rosas para dar un toque de elegancia. Pon color a su d\u00eda!<\/p>\n<p><span style=\"font-size:75%; line-height:0px;\"> En este trabajo, la flor es de temporada, y se posible que nos vemos obligados a hacer alguna modificaci\u00f3n. Si desea ser avisado por whatsapp o llamada de tel\u00e9fono, en el caso de que se tenga que sustituir alg\u00fan elemento del trabajo, lo puede indicar al formulario de finalizaci\u00f3n de compra a notas de la el pedido. Si no desea ser avisado, nosotros escogeremos la mejor opci\u00f3n de sustituci\u00f3n, manteniendo o mejorando la calidad de la flor reemplazada.<\/span><\/p>\n","protected":false},"featured_media":2952,"template":"","meta":{"_joinchat":[]},"product_brand":[],"product_cat":[124,224,138],"product_tag":[150,151,183,159,160,161,199],"class_list":{"0":"post-3210","1":"product","2":"type-product","3":"status-publish","4":"has-post-thumbnail","6":"product_cat-dia-de-la-madre","7":"product_cat-ramos","8":"product_cat-ramos-de-flores-variadas","9":"product_tag-gerbera-es","10":"product_tag-lilium-es","11":"product_tag-ramo-de-flores-es","12":"product_tag-ramo-de-regalo","13":"product_tag-ramo-primaveral","14":"product_tag-regalar-flores","15":"product_tag-rosas","17":"first","18":"instock","19":"featured","20":"sold-individually","21":"taxable","22":"shipping-taxable","23":"purchasable","24":"product-type-simple"},"_links":{"self":[{"href":"https:\/\/floristeriatrevol.com\/es\/wp-json\/wp\/v2\/product\/3210","targetHints":{"allow":["GET"]}}],"collection":[{"href":"https:\/\/floristeriatrevol.com\/es\/wp-json\/wp\/v2\/product"}],"about":[{"href":"https:\/\/floristeriatrevol.com\/es\/wp-json\/wp\/v2\/types\/product"}],"wp:featuredmedia":[{"embeddable":true,"href":"https:\/\/floristeriatrevol.com\/es\/wp-json\/wp\/v2\/media\/2952"}],"wp:attachment":[{"href":"https:\/\/floristeriatrevol.com\/es\/wp-json\/wp\/v2\/media?parent=3210"}],"wp:term":[{"taxonomy":"product_brand","embeddable":true,"href":"https:\/\/floristeriatrevol.com\/es\/wp-json\/wp\/v2\/product_brand?post=3210"},{"taxonomy":"product_cat","embeddable":true,"href":"https:\/\/floristeriatrevol.com\/es\/wp-json\/wp\/v2\/product_cat?post=3210"},{"taxonomy":"product_tag","embeddable":true,"href":"https:\/\/floristeriatrevol.com\/es\/wp-json\/wp\/v2\/product_tag?post=3210"}],"curies":[{"name":"wp","href":"https:\/\/api.w.org\/{rel}","templated":true}]}}

<p>El ramo Lilium es una combinación de flores de temporada. El lilium central lo podemos poner todo el año, pero habrán otras flores que son mas estacionales, como el lirio holandés de color magenta. En todo caso, siempre haremos una combinación de tonalidades rosadas, púrpura, malva&#8230; y con un toque de blanco que le aportará la luz necesaria a ramo. Un ramo de flores variadas puede durar muchos días en casa, sobre todo si vamos cambiando el agua cada dos o tres días. Con el cambio de agua, siempre es buena idea cortar los tallos de las flores en diagonal. Así nos aseguramos de que el tallo absorba correctamente el agua y los nutrientes que le ponemos. Nuestros ramos se entregan siempre con dos bolsitas de conservante para que las flores perduren mas tiempos.</p>

<p>Ramo primaveral con volumen, surtido de flor de temporada en tonos rosados y lila, blanco y verde. Dos rosas para dar un toque de elegancia. Pon color a su día!</p>
<p><span style="font-size:75%; line-height:0px;"> En este trabajo, la flor es de temporada, y se posible que nos vemos obligados a hacer alguna modificación. Si desea ser avisado por whatsapp o llamada de teléfono, en el caso de que se tenga que sustituir algún elemento del trabajo, lo puede indicar al formulario de finalización de compra a notas de la el pedido. Si no desea ser avisado, nosotros escogeremos la mejor opción de sustitución, manteniendo o mejorando la calidad de la flor reemplazada.</span></p>
